
-10
Let u(d) = -2 - 5*d**2 + 16*d - 4 - 10*d + 4*d**2. Let r(v) = 7*v**3 - 2*v**2 + 1. Let i be r(1). Calculate u(i).
-6
Suppose 4*p - k - 2 - 2 = 0, 0 = -p - k - 4. Let x(j) = -j - 4. Determine x(p).
-4
Let p(r) = 3 + 2*r - 8*r - 3*r**3 - r**2 + 4*r**3 + r. Calculate p(3).
6
Let m(n) = -3*n + 0*n**3 + 5*n - n**3 + 2 - 3*n**2. Suppose 5*c - w + 20 = 0, -2*c - 2*c = -3*w + 27. Give m(c).
-4
Let r(x) = x + 1. Let d(c) = 5*c + 12. Let k(a) = -d(a) + 6*r(a). Suppose -2*i - 4*b = 2, 17 = i - 3*b + 3. Calculate k(i).
-1
Suppose -5*d - 5 = b + 12, 2*b = 2*d + 2. Let r be -2 + b*2/(-2). Let a(u) = u**2 + u - 2. Determine a(r).
-2
Let u(h) = h**2 - 1. Let y = 37 - 39. Give u(y).
3
Let z be (2 - (-10)/(-4))*-6. Let k be 2*(z/(-6) + 0). Let l(p) be the second derivative of -11*p**3/6 + 6*p. Give l(k).
11
Let r(u) = u + 5. Let z be r(-5). Suppose 3*p = -s - 4, 3*s + 3*p = 2*p + 4. Let b(k) = k**2 + 2*k**2 + z*k**s - k + 2 - 4*k**2. Give b(-3).
-4
Let a(t) = t**2 + 2. Suppose 3*r = -2*r + 20. Suppose 2*f + 2 = -3*y - 0*y, 4*f + r = -y. What is a(y)?
2
Let b(k) = -3*k**2 + k - 4*k + 0*k + k**3 + 2*k**2 + 1. Calculate b(3).
10
Let s = -8 - -12. Let y(x) = -3 + s - 2 - x + 11. Determine y(6).
4
Suppose -3*n = -n - 6. Suppose 2 = 2*u, 4*k + 1 = 2*k + n*u. Let c(y) = 4*y - 5*y + 3*y. Calculate c(k).
2
Let q(h) = -h + 5. Let m(r) = 1. Let g(n) = 5*m(n) - q(n). Determine g(3).
3
Let l(s) = s - 1. Let h(a) = -7*a + 1. Let t(y) = h(y) + 4*l(y). Let b(x) = 6*x + 7. Let p(o) = 2*b(o) + 5*t(o). What is p(-3)?
8
Let h = -7 - -10. Let x(o) = o**3 - 2*o**2 - 3*o + 4. Give x(h).
4
Let z(u) be the third derivative of u**5/60 + u**4/8 - u**3/3 - 6*u**2. What is z(-2)?
-4
Let f be 6 + -1*2*1. Let w(t) = 3*t**2 - 3 + 3*t**2 - f*t**2 - t**2. What is w(3)?
6
Suppose -20 = -3*m - 8. Let z(q) = -q**2 + 2*q. Give z(m).
-8
Suppose 3 = -3*y - 6. Let x(p) = -p**2 - p. Let z(h) = -4*h**2 - 4*h + 4. Let d(o) = -x(o) + z(o). What is d(y)?
-14
Let v(t) = -t**3 + t**2 + 5. Let l be 1*((-2)/(-3) + 26/(-39)). Determine v(l).
5
Let q be (-184)/(-18) - (-12)/(-54). Let u be (q/(-20))/((-1)/4). Let y(m) = -3*m**2 + m. What is y(u)?
-10
Let h(b) = -b**3 + b**2 + 2*b - 1. Let r(n) = 6*n**3 - 5*n**2 - 11*n + 5. Let u(g) = -11*h(g) - 2*r(g). Determine u(1).
-1
Let i(a) = a**2 + 5*a + 4. Let w(u) = -u**2 - 5*u - 3. Let n(b) = 2*i(b) + 3*w(b). Suppose -4*g + 0*g = 24. Calculate n(g).
-7
Let d(t) be the second derivative of -5*t**3/6 - t**2/2 - 3*t. Calculate d(1).
-6
Suppose -6 = 4*q + 10. Let m = q - -2. Let b(p) = -23*p**3 - 5*p**2 - 17*p + 13. Let j(w) = 6*w**3 + w**2 + 4*w - 3. Let i(c) = m*b(c) - 9*j(c). Calculate i(1).
-8
Let i(w) = -w**3 + 3*w**2 + w - 1. Let g = -5 - -5. Suppose 0 = -g*q + q. Suppose q = -u + 5 - 3. What is i(u)?
5
Let s(f) = -f - 13. Let x be s(-6). Let i(u) = 2*u + 7. What is i(x)?
-7
Let f be (0/(4/4))/2. Let p(t) be the third derivative of -1/2*t**3 + 1/60*t**5 + 0 + f*t**4 + 2*t**2 + 0*t. Give p(0).
-3
Suppose -4*d = -8*d - 16. Let s(q) = -q + 1. What is s(d)?
5
Suppose -2*q = 4*s - 16, 4*q + 4*s + 16 = 44. Let d be -2*(2 - 3/q). Let y(x) = -x**2 + 0*x**2 - 3*x + 1 - 4*x + 5*x. Give y(d).
-2
Let k(y) be the third derivative of y**5/60 - y**4/6 - y**3/2 + 7*y**2. Determine k(5).
2
Let z = 19 - -4. Suppose -8*a + 2 = -6*a. Suppose t + g = a - 10, 3*t = -2*g - z. Let l(r) = -r**2 - 3*r + 6. What is l(t)?
-4
Let d(h) = 2*h - h + 0*h + 3. Let x be ((-6)/(-5))/(6/20). Let g be 2/(((-16)/10)/x). Give d(g).
-2
Let z(q) = -9*q**3 - 21*q**2 - 2*q - 27. Let p(r) = 5*r**3 + 11*r**2 + r + 14. Let i(f) = 7*p(f) + 4*z(f). Let s = 7 + -14. Calculate i(s).
-3
Suppose 4*v + 2*a + 18 = 0, -5*v - 3*a + 0*a = 20. Let g(o) = -o - 1. Calculate g(v).
6
Let j(h) be the first derivative of h**5/30 + h**4/12 + h**3/3 - h**2 - 2. Let v(d) be the second derivative of j(d). Give v(-2).
6
Let u be -2*2/(-4) + -4. Let t = u + 8. Let c = t + -3. Let w(l) = -2*l - 2. Determine w(c).
-6
Let v(a) = -9*a - 6 + 9*a**3 + 8*a**2 - 14*a**3 + a. Let k(g) = -14*g**3 + 23*g**2 - 23*g - 17. Let j(d) = 6*k(d) - 17*v(d). What is j(-2)?
4
Let f = -14 - -6. Let j be (1 - -1)/(f - -6). Let b(d) = -2*d**3 + 5*d - 4. Let h(g) = 4*g**3 - 9*g + 7. Let m(o) = 7*b(o) + 4*h(o). Give m(j).
-1
Let c = -14 - -16. Let p(u) = -u**2 + 3*u - 1. Give p(c).
1
Let i(m) = -m**2 + m + 19. Let w be 0 + 1 + (4 - 5). Determine i(w).
19
Let a(j) = -3*j + 2. Let h(m) = -5*m + 3. Let t(r) = -8*a(r) + 5*h(r). Give t(0).
-1
Let d(a) = 0*a - 4*a + 2*a + 9 + 0*a. Give d(6).
-3
Let f(a) = -a**3 - a + 2. Let i(h) = 4*h**3 - 13*h**2 - 11*h. Let j(x) = 3*f(x) + i(x). Give j(14).
6
Let u = -8 + 9. Let t be ((-4)/(-6) - u)*-15. Let s(f) = f - 8. Give s(t).
-3
Suppose 4*m + m = 0. Let t be -3*(-1 - m/1). Let w(d) = 7*d**3 + d**2 + d - 5. Let s(l) = -4*l**3 - l**2 - l + 3. Let h(c) = -5*s(c) - 3*w(c). What is h(t)?
-3
Let x(w) = w**3 + 8*w**2 - 15*w + 9. Let j(a) = a**3 + 8*a**2 - 14*a + 8. Let l(i) = 7*j(i) - 6*x(i). Give l(-9).
-7
Let n(l) = -2*l**3 + 0*l**3 + l - 3*l**3 - 1 - 2*l**3 + l**2. Suppose -u - 12 = -3*j - 4*u, -2*j = -2*u + 4. What is n(j)?
-6
Let m(g) = 2*g**2 - 3*g + 1. Let c = 8 - 6. Let o be m(c). Let l(h) = h - 1. Let i be l(o). Let x(s) = 4*s - 2. Determine x(i).
6
Let d(t) = -t - 1. Let j(i) = 2*i + 2. Let n(b) = 5*d(b) + j(b). Calculate n(-4).
9
Let u(h) = -2*h**2 + 2*h - 1. Suppose 3*s = t + 6, -s + 15 = 3*t + t. Let f be (1/(-2))/(t/(-24)). Suppose -f*z + 0*z + 8 = 0. Determine u(z).
-5
Let d = -5 - -7. Suppose 5*c = d*c + 9. Suppose -3*w - c = 6. Let n(v) = -v**3 - 3*v**2 - v. Calculate n(w).
3
Let v(t) = -t - 9. Let j(x) = -x - 8. Let l(i) = -4*j(i) + 3*v(i). Suppose -k + 4*p - 22 = 0, -2*k - 15 - 1 = -p. Determine l(k).
-1
Let x be 2/3*(-5)/20*-42. Let l(g) = -1 - g + 6 + 0*g. Let k be l(x). Let n(p) = p**3 - p**2 - p + 2. Calculate n(k).
-8
Let y(m) = m**3 - 7*m**2 + 7*m - 4. Let f be y(6). Let d(c) = c + 3 - f*c - 1 + 2*c. Give d(5).
7
Let y(o) = 6 - 3*o**3 + 4*o**3 + 0*o**3 + 7*o**2 - 8*o + 9*o. Calculate y(-7).
-1
Let u(m) = m**3 - 3*m**2 - 3*m. Let i be u(4). Let d(t) = t**2 - 4*t + 6. Determine d(i).
6
Let g(k) = k. Let u(z) = z. Let r(p) = -6*g(p) + 5*u(p). Calculate r(0).
0
Let f(j) = 9*j**2 - j**3 + 1165 - 1160 - 6*j - 2*j**2. What is f(6)?
5
Let v(h) = h - 1. Let a be ((-1)/2)/((-2)/8). Suppose 0*z + a*z + o = 15, z = 2*o. Calculate v(z).
5
Let d(v) = -3 + 4*v + 3*v - 4*v + 2*v. Determine d(-3).
-18
Let r(j) = -j**3 + 25*j**2 + 27*j - 30. Let n be r(26). Let l(z) = z + 5 + 5*z - 2*z. Give l(n).
-11
Let x(b) = b**2 + 2*b - 3. Let n = 3 - 2. Let k(l) = l - n - 2*l**2 - l. Let j be k(-1). Calculate x(j).
0
Let i = 5 + -6. Let j(u) be the third derivative of -1/6*u**3 - 1/60*u**5 - u**2 - 1/12*u**4 + 0*u + 0 - 1/40*u**6. What is j(i)?
3
Suppose 0 = -b - 0*b - 1. Let p(v) = v**2 + 3*v - 5. Let l be p(-5). Let o(u) = -1 + 5*u**2 + 3*u**2 - l*u - 3*u**2 + 4*u. Determine o(b).
5
Let r(o) = -o**3 + o**2 + 2*o + 1. Let u(b) = -b**3 - b**2 - b - 1. Let h(l) = r(l) + u(l). Give h(1).
-1
Let m(l) = -l**3 - 5*l**2 + 3. Let i be m(-5). Let y(z) = -z + 5. Determine y(i).
2
Suppose p - 3*s - 14 = -5*s, 2*p - 2*s - 10 = 0. Let d(j) = -j + 3. What is d(p)?
-5
Let a(m) = m**2 - 1. Let s be a(-2). Let q(r) = 3 + s - r - 2*r + r**2 - 4. What is q(5)?
12
Let p be 2/4 + (-9)/(-6). Let l(b) = -2*b - 3*b**3 + 0*b**3 - 5 - 4*b**2 + p*b**3. Give l(-4).
3
Let m(d) be the third derivative of -d**5/60 - 5*d**4/24 + 7*d**3/6 - 7*d**2. Determine m(-5).
7
Let q(f) = f**3 + 5*f**2 + 5*f + 2. Let z be q(-3). Let k(x) = z*x - 3 - x + x - x**2. Give k(3).
3
Let i(w) be the third derivative of w**6/120 - w**5/10 + w**4/12 + w**3 - 11*w**2. Give i(6).
18
Let b(d) = d**2 + 5*d. Let a be (12/(-18))/(1/(-3)). Suppose -4*h = a*v + 28, -5*v - 28 = 2*h + h. Determine b(h).
6
Suppose -42 = -4*b - 3*b. Suppose -b*p = -7*p - 2. Let z(q) = -q**3 - 2*q**2 - 2*q. Determine z(p).
4
Let t(o) = -o**2 + 6*o - 6. Suppose -22 = -2*r - 62. Let g = r - -45. Suppose 0 = -5*x - 2*b + 26, -x - 3*b + g = 3*x. Determine t(x).
2
Suppose 0*c + 9 = c. Let q(i) = c*i**2 + 37 - 37 - i + 6*i**2. Calculate q(1).
14
Let s(n) = 7 + n**2 + 918*n - 924*n - 4. Calculate s(3).
-6
Suppose 5*t - 11 = 19. Let m(l) = l - 7. What is m(t)?
-1
Let z(f) be the second derivative of f**3/6 + 3*f**2/2